 and r.
17
Suppose 0*y - 96 = -3*y - 2*j, 4*y - 139 = j. Let o = y - 16. What is the greatest common factor of o and 18?
18
Let b = 2 - -3. Let n be 5/(-10*6/(-180)). What is the greatest common divisor of b and n?
5
Suppose -5*w + 1728 = -2*w. What is the highest common factor of w and 64?
64
Suppose 597 = 5*t - 3*s, -3*t + s + 358 = -s. Suppose -l - 62 = -3*o, 0 = l + 3*l + 20. Suppose j = o + 29. Calculate the highest common divisor of j and t.
24
Suppose 25*o - 33*o + 664 = 0. Calculate the greatest common divisor of o and 1.
1
Let h be (-8)/(16/(-66)) + -3. Suppose -b - h = -3*b - 2*m, 0 = -5*b - 3*m + 85. Suppose -3*g + b = -22. Calculate the greatest common factor of g and 28.
14
Suppose 21*j = l + 18*j - 14, -2*j + 56 = 4*l. Calculate the greatest common divisor of 189 and l.
7
Let o be 4*(-4 - 18/(-4)). Let g(v) = 27*v**2 - v + 2. Let y be g(o). What is the highest common factor of 12 and y?
12
Let m(a) = -a - 3. Let b be m(-3). Suppose 2*v + b*j - j + 2 = 0, v = 4*j - 8. Suppose v = 2*c - 7 + 3. Calculate the highest common divisor of c and 14.
2
Let q(s) = s**2 - 33*s - 4. Let o be q(-5). What is the greatest common factor of o and 12?
6
Suppose 2*u = 2 - 0. Suppose 3*t - 39 = 21. Let h = 29 - t. What is the highest common divisor of h and u?
1
Let q = -3 - 2. Let x be (q/(-2))/((-20)/(-40)). Suppose -2*w = 3*l + 3, -10 - 6 = -l + x*w. What is the highest common factor of 2 and l?
1
Suppose 0 = -4*w + 8, -6*j - w = -9*j + 4255. What is the highest common factor of j and 258?
129
Let w be (-170)/(-6) - (-4)/(-12). Let a(l) = 3*l - 1. Let x be a(5). Calculate the greatest common divisor of w and x.
14
Suppose 7*w - 8*w + 153 = 0. What is the greatest common factor of w and 9?
9
Let v(k) = -k**3 - 5*k**2 - k - 3. Let h be v(-5). Suppose 0 = h*y + 1 - 27. Let u be 8/(-32)*-584 + -3. Calculate the highest common divisor of y and u.
13
Suppose 0 = -4*c - 2*l + 936, -2*c - 19*l + 484 = -14*l. Calculate the greatest common divisor of 8 and c.
8
Let j = -11 - -25. Suppose -3*q + 2*q - 2 = 0. Let f be q/((-15)/14 - -1). What is the highest common divisor of j and f?
14
Suppose -18*z = -5310 - 17658. Calculate the greatest common factor of 44 and z.
44
Suppose 5*r - r = 48. Let s = -11 + 21. Suppose -s = -10*x + 70. Calculate the greatest common factor of r and x.
4
Let h be 15/2 - (-39)/26. What is the highest common factor of h and 99?
9
Suppose 4*a = -2*v + 108, -2*v + 2*a + 86 = -4. Calculate the highest common divisor of v and 56.
8
Let l = 984 - -87. What is the highest common divisor of l and 34?
17
Suppose -10*n + 5*v = -9*n - 34, 0 = -5*n - 3*v + 226. Calculate the highest common divisor of n and 84.
4
Suppose -l - 4*o + 43 = 0, -6*l - 3*o = -2*l - 133. Suppose 4*m - 3*k - 473 = -95, 457 = 5*m + 4*k. Calculate the highest common factor of m and l.
31
Suppose 3*c - 12 = 2*c. Let a = c - 6. What is the highest common divisor of 2 and a?
2
Suppose 3*x = -5*m + 108, 5*x = 7*x + 3*m - 72. Let w(v) = -v**2 - v + 144. Let c be w(0). Calculate the greatest common factor of x and c.
36
Let t = -28 + 30. Let q be 396/54*3/t. Let b(r) = -4*r**3 - r**2 + 3*r - 2. Let j be b(-3). Calculate the greatest common divisor of q and j.
11
Let h(y) = 37*y**2 - 3*y + 2. Let q be h(1). Let w = 4 + 6. Suppose 8*u - w*u = -36. What is the greatest common divisor of q and u?
18
Suppose 2*c - 6*f = -3*f + 12, 2*f - 49 = -5*c. What is the greatest common divisor of c and 24?
3
Suppose -35 + 187 = 8*f. Let x = f + -16. What is the highest common factor of x and 3?
3
Suppose 0 = -3*n + 2*w + 1123, -2*n - 4*w + 633 = -121. What is the highest common divisor of 150 and n?
75
Suppose 4*f = t - 2, -2*f = 3*f - 2*t + 4. Let n = f - -27. What is the highest common divisor of 189 and n?
27
Suppose p = -5*i + 10, -3*p + 10*i + 50 = 5*i. Calculate the highest common divisor of 240 and p.
15
Let z(q) = -2*q - 5. Let d be z(-14). Suppose 4*p + n = d, n - 2*n = 5*p - 28. Calculate the greatest common factor of 10 and p.
5
Let h(t) = t**2 + 6. Let k be h(0). Let r = 3334 - 3268. Calculate the greatest common divisor of r and k.
6
Let b = -67 + 122. Let i(a) = a**3 - 9*a**2 + 17*a - 10. Let w be i(7). What is the highest common factor of w and b?
11
Let p(g) = -g**3 + 17*g**2 + 6*g - 6. Let t be p(17). Calculate the greatest common factor of 24 and t.
24
Suppose -c + 18 = -4*c. Let f = 13 + c. Suppose f*k = 5*k + 30. What is the highest common divisor of k and 5?
5
Let w = -31 + 85. Let i(r) = r**2 - r + 6. Let k be (-2)/(-7) - 4/14. Let f be i(k). What is the greatest common divisor of f and w?
6
Let g = 62 - -21. Suppose 7*i - 1 = g. Calculate the greatest common factor of i and 12.
12
Let f(a) = a**3 - 5*a**2 + 14*a - 50. Let i be f(5). Calculate the greatest common divisor of i and 500.
20
Suppose 5*b = 245 + 235. Calculate the greatest common factor of b and 16.
16
Suppose 115 + 123 = 14*v. Calculate the greatest common factor of v and 17.
17
Let s(a) = a**2 - 12*a + 22. Let z be s(18). Let u = 11 - -40. Suppose -j = 2*p - 6*j - u, 46 = 2*p - 4*j. What is the greatest common factor of z and p?
13
Let q be -10*(-1)/4*2. Suppose q*s = 7 - 2. Let x be s + 3 + 0 - 3. Calculate the greatest common divisor of 5 and x.
1
Let l(d) = 2*d + 48. Let k be l(11). What is the highest common divisor of 700 and k?
70
Let t be (6/(-51) + 140/34)*(-14)/(-8). Let k(g) = -2*g - 5. Let n be k(-6). Calculate the highest common factor of n and t.
7
Suppose 2*p + 4*t - 157 = -53, 233 = 5*p + t. Calculate the greatest common divisor of p and 23.
23
Suppose 7005 + 3363 = 9*m. What is the greatest common factor of m and 72?
72
Let z = -448 + 688. Calculate the greatest common factor of z and 15.
15
Let t(u) = -u**3 + 16*u**2 - 13*u - 16. Let i be t(15). Suppose -2*f - 4*l + 91 = -47, -3*l + 65 = f. Calculate the greatest common factor of f and i.
7
Let k be -128*-6*2/16. Suppose -674 = -5*o + k. Calculate the greatest common divisor of 14 and o.
14
Suppose 2789 = 2*g + 5*d, g - 4*d - 1395 + 20 = 0. Calculate the greatest common factor of 19 and g.
19
Let d = 673 + 1127. What is the greatest common divisor of d and 36?
36
Suppose -2*b = 5*p + 2 + 3, -23 = -4*b + p. Let w = b + -4. Calculate the greatest common divisor of 9 and w.
1
Suppose 5*h + 297 = 4*f, -4*f + 478 - 172 = -2*h. What is the highest common divisor of f and 806?
26
Let t be 2 + 9/3 - -135. Suppose 6*r - t = r. Calculate the highest common factor of r and 168.
28
Let i(y) = -63*y + 14. Let n be i(-4). What is the highest common factor of 76 and n?
38
Let u be 20/(-3 + 5) - 2. Let a be (-1 - 2)/((-3)/u). Suppose -1 = l - 9. Calculate the greatest common divisor of l and a.
8
Let r = -147 - -149. Suppose f + 5*m = 285, -2*m = 2*f + r*m - 582. Calculate the greatest common divisor of f and 59.
59
Let x = 709 - 691. What is the greatest common divisor of x and 72?
18
Let b be (154/49 - -2)/(2/28). Calculate the highest common divisor of b and 99.
9
Let l(x) = x**2 - 3*x + 29. Let w be l(0). Suppose 3*s - w = v, 5*s - 6*v = -v + 55. What is the greatest common divisor of 81 and s?
9
Suppose 2007 = -6*d + 2307. What is the greatest common factor of d and 1550?
50
Let l(f) = -f**3 - 8*f**2 + 157*f - 21. Let a be l(9). Suppose 6*k = 3*k. Let n be 7 + k - (1 - 0). Calculate the greatest common factor of n and a.
3
Suppose -2*h = 5*f - 21, -2*h + 5 = -f - 7*h. Suppose -o = f*i - 9 - 379, i - o = 74. Calculate the highest common divisor of i and 11.
11
Let o be (-18)/(-4)*98/21*3. Calculate the greatest common factor of o and 153.
9
Let q(d) = 13*d**2 + 82*d + 18. Let t be q(-7). Let o = -7 - -25. Calculate the greatest common divisor of o and t.
9
Let c(l) = l**2 - 10*l - 18. Let s be c(12). What is the highest common factor of s and 192?
6
Let u(m) = 2*m**2 + 2*m - 2. Let d be u(2). Let r(s) = -s**3 + 10*s**2 + 3*s - 2. Let q be r(d). Calculate the greatest common factor of 70 and q.
14
Let z = -123 - -486. Let j(w) = w**3 - 5*w**2 + 11*w - 22. Let l be j(5). Calculate the greatest common factor of z and l.
33
Let i be (-4)/6*1776/(-37). What is the highest common factor of i and 336?
16
Let k(v) = 0*v + 0*v + 3*v + 4 + 5. Let q be k(8). Let a = -15 + q. What is the highest common factor of 54 and a?
18
Let n be -3 + -1*(-106 + -2). Suppo